{"id":1664,"date":"2020-06-29T15:24:54","date_gmt":"2020-06-29T13:24:54","guid":{"rendered":"https:\/\/meaux-gymnastique.fr\/?page_id=1664"},"modified":"2022-08-30T19:35:58","modified_gmt":"2022-08-30T17:35:58","slug":"inscriptions-2021-2022","status":"publish","type":"page","link":"https:\/\/meaux-gymnastique.fr\/index.php\/le-club\/inscriptions-2021-2022\/","title":{"rendered":"Inscriptions 2022-2023"},"content":{"rendered":"\n<h2 class=\"has-text-align-center wp-block-heading\"><strong><span style=\"color:#0a2673\" class=\"has-inline-color\">Saison sportive 2022-202<\/span><\/strong>3<\/h2>\n\n\n<h5 style=\"text-align: center;\">\u00a0<\/h5>\n<h4 style=\"text-align: center;\"><span style=\"color: #0000ff;\"><strong>\u00ab\u00a0Merci d&rsquo;inscrire votre enfant en ligne avant de ramener la version papier dans la bo\u00eete au P\u00f4le Espoir Gymnastique\u00a0\u00bb.<\/strong><\/span><\/h4>\n<h4 style=\"text-align: center;\"><strong>&#8211;<span style=\"color: #ff0000;\"> le secteur petite enfance\u00a0(de 15 mois \u00e0 6 ans)<\/span><\/strong><span style=\"color: #ff0000;\">\u00a0\u00a0 \u00a0\u00a0\u00a0:\u00a0<\/span><\/h4>\n<p><a href=\"https:\/\/meaux-gymnastique.fr\/wp-content\/uploads\/2022\/08\/DOSSIER-SECTEUR-PETITE-ENFANCE-2022.2023-version-au-24.06.2021.pdf\" target=\"_blank\" rel=\"noopener\"><strong><span style=\"color: #ff0000;\">Informations secteur petite enfance ICI\u00a0<\/span><\/strong><\/a><\/p>\n<p style=\"text-align: center;\">Inscription secteur petite enfance cliquez ci-dessous<\/p>\n<p><a href=\"https:\/\/www.gestgym.com\/\/app\/inscription\/add\/meaux-jepqShqf9hb.html\" target=\"_blank\" rel=\"noopener noreferrer\"><img decoding=\"async\" class=\"aligncenter wp-image-207 size-medium\" src=\"https:\/\/meaux-gymnastique.fr\/wp-content\/uploads\/Ic\u00f4nes\/CliquerICI-300x139.jpg\" alt=\"\" width=\"300\" height=\"139\" srcset=\"https:\/\/meaux-gymnastique.fr\/wp-content\/uploads\/Ic\u00f4nes\/CliquerICI-300x139.jpg 300w, https:\/\/meaux-gymnastique.fr\/wp-content\/uploads\/Ic\u00f4nes\/CliquerICI.jpg 330w\" sizes=\"(max-width: 300px) 100vw, 300px\" \/><\/a><\/p>\n<h4 style=\"text-align: center;\"><span style=\"color: #0a2673;\"><strong>&#8211;<span style=\"color: #ff0000;\"> le secteur loisir (\u00e0 partir du CP jusqu\u2019au lyc\u00e9e)\u00a0<\/span><\/strong><span style=\"color: #ff0000;\">:<\/span><\/span><\/h4>\n<p><span style=\"color: #ff0000;\"><strong><a style=\"color: #ff0000;\" href=\"https:\/\/meaux-gymnastique.fr\/wp-content\/uploads\/2022\/06\/DOSSIER-SECTEUR-LOISIR-2022.2023-version-au-24.06.2022.pdf\" target=\"_blank\" rel=\"noopener\">Informations secteur loisir ICI<\/a><\/strong><\/span><\/p>\n<p style=\"text-align: center;\">Inscription secteur loisir cliquez ci-dessous<a href=\"https:\/\/www.gestgym.com\/\/app\/inscription\/add\/meaux-jepqShqf9hb.html\" target=\"_blank\" rel=\"noopener noreferrer\"><img decoding=\"async\" class=\"aligncenter wp-image-207 size-medium\" src=\"https:\/\/meaux-gymnastique.fr\/wp-content\/uploads\/Ic\u00f4nes\/CliquerICI-300x139.jpg\" alt=\"\" width=\"300\" height=\"139\" srcset=\"https:\/\/meaux-gymnastique.fr\/wp-content\/uploads\/Ic\u00f4nes\/CliquerICI-300x139.jpg 300w, https:\/\/meaux-gymnastique.fr\/wp-content\/uploads\/Ic\u00f4nes\/CliquerICI.jpg 330w\" sizes=\"(max-width: 300px) 100vw, 300px\" \/><\/a><\/p>\n<h4 style=\"text-align: center;\"><span style=\"color: #ff0000;\"><strong>&#8211; le secteur comp\u00e9titif ( \u00e0 partir du CP jusqu&rsquo;au lyc\u00e9e) :<\/strong><\/span><\/h4>\n<h6><a href=\"https:\/\/meaux-gymnastique.fr\/wp-content\/uploads\/2022\/08\/SECTEUR-COMPETITIF-SAISON-2022-2023-info.pdf\" target=\"_blank\" rel=\"noopener\">Information secteur comp\u00e9titif ICI<\/a><\/h6>\n<p><a href=\"https:\/\/www.gestgym.com\/\/app\/inscription\/add\/meaux-jepqShqf9hb.html\" target=\"_blank\" rel=\"noopener\"><img fetchpriority=\"high\" decoding=\"async\" class=\"aligncenter wp-image-207 size-full\" src=\"https:\/\/meaux-gymnastique.fr\/wp-content\/uploads\/Ic\u00f4nes\/CliquerICI.jpg\" alt=\"\" width=\"330\" height=\"153\" srcset=\"https:\/\/meaux-gymnastique.fr\/wp-content\/uploads\/Ic\u00f4nes\/CliquerICI.jpg 330w, https:\/\/meaux-gymnastique.fr\/wp-content\/uploads\/Ic\u00f4nes\/CliquerICI-300x139.jpg 300w\" sizes=\"(max-width: 330px) 100vw, 330px\" \/><\/a><\/p>\n<p><span style=\"color: #ff6600;\"><strong><u>D\u00e9p\u00f4ts des dossiers<\/u><\/strong><strong>\u00a0:<\/strong><\/span><\/p>\n<p>Bo\u00eete aux lettres (situ\u00e9e pr\u00e8s du portillon) au P\u00f4le Espoir Gymnastique, rue Albert Schweitzer (quartier Dunant, face au Canal de l\u2019Ourcq) 77100 Meaux<\/p>\n<p>\u00a0<\/p>\n\n\n<p><\/p>\n","protected":false},"excerpt":{"rendered":"<p>Saison sportive 2022-2023 \u00a0 \u00ab\u00a0Merci d&rsquo;inscrire votre enfant en ligne avant de ramener la version papier dans la bo\u00eete au<\/p>\n","protected":false},"author":1,"featured_media":0,"parent":44,"menu_order":0,"comment_status":"closed","ping_status":"closed","template":"","meta":{"colormag_page_container_layout":"no_sidebar_full_width","colormag_page_sidebar_layout":"no_sidebar","jetpack_post_was_ever_published":false,"footnotes":""},"class_list":["post-1664","page","type-page","status-publish","hentry"],"jetpack_sharing_enabled":true,"_links":{"self":[{"href":"https:\/\/meaux-gymnastique.fr\/index.php\/wp-json\/wp\/v2\/pages\/1664","targetHints":{"allow":["GET"]}}],"collection":[{"href":"https:\/\/meaux-gymnastique.fr\/index.php\/wp-json\/wp\/v2\/pages"}],"about":[{"href":"https:\/\/meaux-gymnastique.fr\/index.php\/wp-json\/wp\/v2\/types\/page"}],"author":[{"embeddable":true,"href":"https:\/\/meaux-gymnastique.fr\/index.php\/wp-json\/wp\/v2\/users\/1"}],"replies":[{"embeddable":true,"href":"https:\/\/meaux-gymnastique.fr\/index.php\/wp-json\/wp\/v2\/comments?post=1664"}],"version-history":[{"count":66,"href":"https:\/\/meaux-gymnastique.fr\/index.php\/wp-json\/wp\/v2\/pages\/1664\/revisions"}],"predecessor-version":[{"id":2664,"href":"https:\/\/meaux-gymnastique.fr\/index.php\/wp-json\/wp\/v2\/pages\/1664\/revisions\/2664"}],"up":[{"embeddable":true,"href":"https:\/\/meaux-gymnastique.fr\/index.php\/wp-json\/wp\/v2\/pages\/44"}],"wp:attachment":[{"href":"https:\/\/meaux-gymnastique.fr\/index.php\/wp-json\/wp\/v2\/media?parent=1664"}],"curies":[{"name":"wp","href":"https:\/\/api.w.org\/{rel}","templated":true}]}}