{"id":1750,"date":"2020-10-08T23:38:18","date_gmt":"2020-10-08T21:38:18","guid":{"rendered":"https:\/\/meaux-gymnastique.fr\/?page_id=1750"},"modified":"2020-10-08T23:38:19","modified_gmt":"2020-10-08T21:38:19","slug":"stage-gymnastique-octobre-2020","status":"publish","type":"page","link":"https:\/\/meaux-gymnastique.fr\/index.php\/stage-gymnastique-octobre-2020\/","title":{"rendered":"Stage Gymnastique &#8211; Octobre 2020"},"content":{"rendered":"<p>Fiche inscription : \u00a0Benjamines (2010, 2011) &#8211;\u00a09h30 \u00e0 12h00<\/p>\n<p><a href=\"https:\/\/meaux-gymnastique.fr\/wp-content\/uploads\/2020\/10\/FICHE-DINSCRIPTION-2010-2011.pdf\"><img decoding=\"async\" class=\"aligncenter size-medium wp-image-207\" src=\"https:\/\/meaux-gymnastique.fr\/wp-content\/uploads\/Ic\u00f4nes\/CliquerICI-300x139.jpg\" alt=\"\" width=\"300\" height=\"139\" srcset=\"https:\/\/meaux-gymnastique.fr\/wp-content\/uploads\/Ic\u00f4nes\/CliquerICI-300x139.jpg 300w, https:\/\/meaux-gymnastique.fr\/wp-content\/uploads\/Ic\u00f4nes\/CliquerICI.jpg 330w\" sizes=\"(max-width: 300px) 100vw, 300px\" \/><\/a><\/p>\n<p>Fiche inscription : Poussines (2014, 2013, 2012) &#8211;\u00a013h00 \u00e0 15h30<\/p>\n<p><a href=\"https:\/\/meaux-gymnastique.fr\/wp-content\/uploads\/2020\/10\/FICHE-DINSCRIPTION-2012-2013-2014.pdf\"><img decoding=\"async\" class=\"aligncenter size-medium wp-image-207\" src=\"https:\/\/meaux-gymnastique.fr\/wp-content\/uploads\/Ic\u00f4nes\/CliquerICI-300x139.jpg\" alt=\"\" width=\"300\" height=\"139\" srcset=\"https:\/\/meaux-gymnastique.fr\/wp-content\/uploads\/Ic\u00f4nes\/CliquerICI-300x139.jpg 300w, https:\/\/meaux-gymnastique.fr\/wp-content\/uploads\/Ic\u00f4nes\/CliquerICI.jpg 330w\" sizes=\"(max-width: 300px) 100vw, 300px\" \/><\/a><\/p>\n<p>Fiche inscription : A partir du coll\u00e8ge mixte ( filles et gar\u00e7ons n\u00e9s en 2009 et avant) &#8211;\u00a015h45 \u00e0 18h15<\/p>\n<p><a href=\"https:\/\/meaux-gymnastique.fr\/wp-content\/uploads\/2020\/10\/FICHE-DINSCRIPTION-2009-et-avant.pdf\"><img decoding=\"async\" class=\"aligncenter size-medium wp-image-207\" src=\"https:\/\/meaux-gymnastique.fr\/wp-content\/uploads\/Ic\u00f4nes\/CliquerICI-300x139.jpg\" alt=\"\" width=\"300\" height=\"139\" srcset=\"https:\/\/meaux-gymnastique.fr\/wp-content\/uploads\/Ic\u00f4nes\/CliquerICI-300x139.jpg 300w, https:\/\/meaux-gymnastique.fr\/wp-content\/uploads\/Ic\u00f4nes\/CliquerICI.jpg 330w\" sizes=\"(max-width: 300px) 100vw, 300px\" \/><\/a><\/p>\n","protected":false},"excerpt":{"rendered":"<p>Fiche inscription : \u00a0Benjamines (2010, 2011) &#8211;\u00a09h30 \u00e0 12h00 Fiche inscription : Poussines (2014, 2013, 2012) &#8211;\u00a013h00 \u00e0 15h30 Fiche<\/p>\n","protected":false},"author":1,"featured_media":1746,"parent":0,"menu_order":0,"comment_status":"closed","ping_status":"closed","template":"","meta":{"colormag_page_container_layout":"no_sidebar_full_width","colormag_page_sidebar_layout":"no_sidebar","jetpack_post_was_ever_published":false,"footnotes":""},"class_list":["post-1750","page","type-page","status-publish","has-post-thumbnail","hentry"],"jetpack_sharing_enabled":true,"_links":{"self":[{"href":"https:\/\/meaux-gymnastique.fr\/index.php\/wp-json\/wp\/v2\/pages\/1750","targetHints":{"allow":["GET"]}}],"collection":[{"href":"https:\/\/meaux-gymnastique.fr\/index.php\/wp-json\/wp\/v2\/pages"}],"about":[{"href":"https:\/\/meaux-gymnastique.fr\/index.php\/wp-json\/wp\/v2\/types\/page"}],"author":[{"embeddable":true,"href":"https:\/\/meaux-gymnastique.fr\/index.php\/wp-json\/wp\/v2\/users\/1"}],"replies":[{"embeddable":true,"href":"https:\/\/meaux-gymnastique.fr\/index.php\/wp-json\/wp\/v2\/comments?post=1750"}],"version-history":[{"count":7,"href":"https:\/\/meaux-gymnastique.fr\/index.php\/wp-json\/wp\/v2\/pages\/1750\/revisions"}],"predecessor-version":[{"id":1760,"href":"https:\/\/meaux-gymnastique.fr\/index.php\/wp-json\/wp\/v2\/pages\/1750\/revisions\/1760"}],"wp:featuredmedia":[{"embeddable":true,"href":"https:\/\/meaux-gymnastique.fr\/index.php\/wp-json\/wp\/v2\/media\/1746"}],"wp:attachment":[{"href":"https:\/\/meaux-gymnastique.fr\/index.php\/wp-json\/wp\/v2\/media?parent=1750"}],"curies":[{"name":"wp","href":"https:\/\/api.w.org\/{rel}","templated":true}]}}