{"id":2271,"date":"2021-10-14T11:04:22","date_gmt":"2021-10-14T09:04:22","guid":{"rendered":"https:\/\/meaux-gymnastique.fr\/?page_id=2271"},"modified":"2024-09-23T16:55:25","modified_gmt":"2024-09-23T14:55:25","slug":"boutique-club","status":"publish","type":"page","link":"https:\/\/meaux-gymnastique.fr\/index.php\/boutique-club\/","title":{"rendered":"BOUTIQUE OFFICIELLE"},"content":{"rendered":"<p>.<img fetchpriority=\"high\" decoding=\"async\" class=\"aligncenter wp-image-2711 size-large\" src=\"https:\/\/meaux-gymnastique.fr\/wp-content\/uploads\/2022\/10\/Capture-decran-2022-10-20-a-11.29.54-1024x726.jpg\" alt=\"\" width=\"800\" height=\"567\" srcset=\"https:\/\/meaux-gymnastique.fr\/wp-content\/uploads\/2022\/10\/Capture-decran-2022-10-20-a-11.29.54-1024x726.jpg 1024w, https:\/\/meaux-gymnastique.fr\/wp-content\/uploads\/2022\/10\/Capture-decran-2022-10-20-a-11.29.54-300x213.jpg 300w, https:\/\/meaux-gymnastique.fr\/wp-content\/uploads\/2022\/10\/Capture-decran-2022-10-20-a-11.29.54-768x545.jpg 768w, https:\/\/meaux-gymnastique.fr\/wp-content\/uploads\/2022\/10\/Capture-decran-2022-10-20-a-11.29.54.jpg 1114w\" sizes=\"(max-width: 800px) 100vw, 800px\" \/><\/p>\n<h5 style=\"text-align: center;\">Le club de Meaux Gymnastique esp\u00e8re que vous allez bien et a une bonne nouvelle \u00e0<\/h5>\n<h5 style=\"text-align: center;\">vous annoncer, votre boutique est en ligne !<\/h5>\n<p><a href=\"https:\/\/eu.quatrogymnastics.com\/collections\/meaux-pro-shop\" target=\"_blank\" rel=\"noopener\"><img decoding=\"async\" class=\"aligncenter wp-image-2712 size-full\" src=\"https:\/\/meaux-gymnastique.fr\/wp-content\/uploads\/2022\/10\/Capture-decran-2022-10-20-a-11.31.21.jpg\" alt=\"\" width=\"1114\" height=\"66\" srcset=\"https:\/\/meaux-gymnastique.fr\/wp-content\/uploads\/2022\/10\/Capture-decran-2022-10-20-a-11.31.21.jpg 1114w, https:\/\/meaux-gymnastique.fr\/wp-content\/uploads\/2022\/10\/Capture-decran-2022-10-20-a-11.31.21-300x18.jpg 300w, https:\/\/meaux-gymnastique.fr\/wp-content\/uploads\/2022\/10\/Capture-decran-2022-10-20-a-11.31.21-1024x61.jpg 1024w, https:\/\/meaux-gymnastique.fr\/wp-content\/uploads\/2022\/10\/Capture-decran-2022-10-20-a-11.31.21-768x46.jpg 768w\" sizes=\"(max-width: 1114px) 100vw, 1114px\" \/><\/a><\/p>\n<h5 style=\"text-align: center;\">Commandez d\u00e8s maintenant le surv\u00eatement, le polo ou encore le sac \u00e0 dos officiel du club!<\/h5>\n<h5 style=\"text-align: center;\">Pour acc\u00e9der \u00e0 la boutique, cliquez sur le bouton ci-dessus et entrez le mot de passe<\/h5>\n<h5 style=\"text-align: center;\"><strong>MEAUX24<\/strong><\/h5>\n<h5 style=\"text-align: center;\">Attention \u00e0 bien respecter les majuscules du mot de passe.<\/h5>\n<h5 style=\"text-align: center;\"><\/h5>\n<h5 style=\"text-align: center;\">A tr\u00e8s vite,<\/h5>\n<h5 style=\"text-align: center;\">Meaux Gymnastique<\/h5>\n<div class=\"page\" title=\"Page 1\"><\/div>\n<div title=\"Page 1\">\n<div class=\"page\" title=\"Page 1\">\n<div class=\"layoutArea\">\n<div class=\"column\">\n<div class=\"page\" title=\"Page 1\">\n<div class=\"layoutArea\">\n<div class=\"column\"><\/div>\n<\/div>\n<\/div>\n<\/div>\n<\/div>\n<\/div>\n<\/div>\n<div title=\"Page 1\"><\/div>\n","protected":false},"excerpt":{"rendered":"<p>. Le club de Meaux Gymnastique esp\u00e8re que vous allez bien et a une bonne nouvelle \u00e0 vous annoncer, votre<\/p>\n","protected":false},"author":1,"featured_media":0,"parent":0,"menu_order":0,"comment_status":"closed","ping_status":"closed","template":"","meta":{"colormag_page_container_layout":"no_sidebar_full_width","colormag_page_sidebar_layout":"no_sidebar","jetpack_post_was_ever_published":false,"footnotes":""},"class_list":["post-2271","page","type-page","status-publish","hentry"],"jetpack_sharing_enabled":true,"_links":{"self":[{"href":"https:\/\/meaux-gymnastique.fr\/index.php\/wp-json\/wp\/v2\/pages\/2271","targetHints":{"allow":["GET"]}}],"collection":[{"href":"https:\/\/meaux-gymnastique.fr\/index.php\/wp-json\/wp\/v2\/pages"}],"about":[{"href":"https:\/\/meaux-gymnastique.fr\/index.php\/wp-json\/wp\/v2\/types\/page"}],"author":[{"embeddable":true,"href":"https:\/\/meaux-gymnastique.fr\/index.php\/wp-json\/wp\/v2\/users\/1"}],"replies":[{"embeddable":true,"href":"https:\/\/meaux-gymnastique.fr\/index.php\/wp-json\/wp\/v2\/comments?post=2271"}],"version-history":[{"count":10,"href":"https:\/\/meaux-gymnastique.fr\/index.php\/wp-json\/wp\/v2\/pages\/2271\/revisions"}],"predecessor-version":[{"id":3522,"href":"https:\/\/meaux-gymnastique.fr\/index.php\/wp-json\/wp\/v2\/pages\/2271\/revisions\/3522"}],"wp:attachment":[{"href":"https:\/\/meaux-gymnastique.fr\/index.php\/wp-json\/wp\/v2\/media?parent=2271"}],"curies":[{"name":"wp","href":"https:\/\/api.w.org\/{rel}","templated":true}]}}