{"id":3315,"date":"2024-03-11T10:37:35","date_gmt":"2024-03-11T09:37:35","guid":{"rendered":"https:\/\/meaux-gymnastique.fr\/?page_id=3315"},"modified":"2025-10-16T14:18:56","modified_gmt":"2025-10-16T12:18:56","slug":"assemblee-generale-du-31-janvier-2024","status":"publish","type":"page","link":"https:\/\/meaux-gymnastique.fr\/index.php\/assemblee-generale-du-31-janvier-2024\/","title":{"rendered":"Assembl\u00e9e G\u00e9n\u00e9rale du 31 janvier 2024"},"content":{"rendered":"<p><a href=\"https:\/\/meaux-gymnastique.fr\/wp-content\/uploads\/2024\/03\/A.G-Meaux-Gymnastique-CPTE-RENDU-2022.2023.pdf\" target=\"_blank\" rel=\"noopener\">Rapport saison 2022\/2023<\/a><\/p>\n<p><a href=\"https:\/\/meaux-gymnastique.fr\/wp-content\/uploads\/2024\/03\/KPMG-2022.2023.pdf\" target=\"_blank\" rel=\"noopener\">Rapport commissaire aux comptes KPMG<\/a><\/p>\n<p><a href=\"https:\/\/meaux-gymnastique.fr\/wp-content\/uploads\/2024\/03\/Budjet-previsionnel-2023-2024.pdf\" target=\"_blank\" rel=\"noopener\">Budget pr\u00e9visionnel 2023-2024<\/a><\/p>\n<p>Pr\u00e9sentation saison sportive 2022\/2023<\/p>\n","protected":false},"excerpt":{"rendered":"<p>Rapport saison 2022\/2023 Rapport commissaire aux comptes KPMG Budget pr\u00e9visionnel 2023-2024 Pr\u00e9sentation saison sportive 2022\/2023<\/p>\n","protected":false},"author":1,"featured_media":0,"parent":0,"menu_order":0,"comment_status":"closed","ping_status":"closed","template":"","meta":{"colormag_page_container_layout":"default_layout","colormag_page_sidebar_layout":"default_layout","jetpack_post_was_ever_published":false,"footnotes":""},"class_list":["post-3315","page","type-page","status-publish","hentry"],"jetpack_sharing_enabled":true,"_links":{"self":[{"href":"https:\/\/meaux-gymnastique.fr\/index.php\/wp-json\/wp\/v2\/pages\/3315","targetHints":{"allow":["GET"]}}],"collection":[{"href":"https:\/\/meaux-gymnastique.fr\/index.php\/wp-json\/wp\/v2\/pages"}],"about":[{"href":"https:\/\/meaux-gymnastique.fr\/index.php\/wp-json\/wp\/v2\/types\/page"}],"author":[{"embeddable":true,"href":"https:\/\/meaux-gymnastique.fr\/index.php\/wp-json\/wp\/v2\/users\/1"}],"replies":[{"embeddable":true,"href":"https:\/\/meaux-gymnastique.fr\/index.php\/wp-json\/wp\/v2\/comments?post=3315"}],"version-history":[{"count":8,"href":"https:\/\/meaux-gymnastique.fr\/index.php\/wp-json\/wp\/v2\/pages\/3315\/revisions"}],"predecessor-version":[{"id":3867,"href":"https:\/\/meaux-gymnastique.fr\/index.php\/wp-json\/wp\/v2\/pages\/3315\/revisions\/3867"}],"wp:attachment":[{"href":"https:\/\/meaux-gymnastique.fr\/index.php\/wp-json\/wp\/v2\/media?parent=3315"}],"curies":[{"name":"wp","href":"https:\/\/api.w.org\/{rel}","templated":true}]}}