{"id":3653,"date":"2025-06-12T18:12:25","date_gmt":"2025-06-12T16:12:25","guid":{"rendered":"https:\/\/meaux-gymnastique.fr\/?page_id=3653"},"modified":"2025-08-27T11:33:33","modified_gmt":"2025-08-27T09:33:33","slug":"inscriptions-2025-2026","status":"publish","type":"page","link":"https:\/\/meaux-gymnastique.fr\/index.php\/inscriptions-2025-2026\/","title":{"rendered":"INSCRIPTIONS 2025-2026"},"content":{"rendered":"\t\t<div data-elementor-type=\"wp-page\" data-elementor-id=\"3653\" class=\"elementor elementor-3653\">\n\t\t\t\t<div class=\"elementor-element elementor-element-55b5326 e-flex e-con-boxed e-con e-parent\" data-id=\"55b5326\" data-element_type=\"container\" data-e-type=\"container\">\n\t\t\t\t\t<div class=\"e-con-inner\">\n\t\t\t\t<div class=\"elementor-element elementor-element-478a92e elementor-widget elementor-widget-heading\" data-id=\"478a92e\" data-element_type=\"widget\" data-e-type=\"widget\" data-widget_type=\"heading.default\">\n\t\t\t\t<div class=\"elementor-widget-container\">\n\t\t\t\t\t<h2 class=\"elementor-heading-title elementor-size-default\">Inscriptions 2025-2026<\/h2>\t\t\t\t<\/div>\n\t\t\t\t<\/div>\n\t\t\t\t\t<\/div>\n\t\t\t\t<\/div>\n\t\t<div class=\"elementor-element elementor-element-b4daf6e e-flex e-con-boxed e-con e-parent\" data-id=\"b4daf6e\" data-element_type=\"container\" data-e-type=\"container\">\n\t\t\t\t\t<div class=\"e-con-inner\">\n\t\t\t\t<div class=\"elementor-element elementor-element-8cd1e9a elementor-widget elementor-widget-text-editor\" data-id=\"8cd1e9a\" data-element_type=\"widget\" data-e-type=\"widget\" data-widget_type=\"text-editor.default\">\n\t\t\t\t<div class=\"elementor-widget-container\">\n\t\t\t\t\t\t\t\t\t<p>&#8211; Les pr\u00e9 inscriptions du secteur petite enfance ( de 2 ans jusqu\u2019en derni\u00e8re ann\u00e9e de maternelle)<\/p><p>&#8211; Les pr\u00e9 inscriptions du secteur loisir (du CP jusqu\u2019au lyc\u00e9e et adultes)<br \/>&#8211; Les pr\u00e9 inscription du secteur comp\u00e9titif (du CP jusqu\u2019au lyc\u00e9e et adultes)<\/p>\t\t\t\t\t\t\t\t<\/div>\n\t\t\t\t<\/div>\n\t\t\t\t\t<\/div>\n\t\t\t\t<\/div>\n\t\t<div class=\"elementor-element elementor-element-666b842 e-flex e-con-boxed e-con e-parent\" data-id=\"666b842\" data-element_type=\"container\" data-e-type=\"container\">\n\t\t\t\t\t<div class=\"e-con-inner\">\n\t\t\t\t<div class=\"elementor-element elementor-element-9909eb9 elementor-widget elementor-widget-heading\" data-id=\"9909eb9\" data-element_type=\"widget\" data-e-type=\"widget\" data-widget_type=\"heading.default\">\n\t\t\t\t<div class=\"elementor-widget-container\">\n\t\t\t\t\t<h2 class=\"elementor-heading-title elementor-size-default\">NOUVELLE ADH\u00c9SION <\/h2>\t\t\t\t<\/div>\n\t\t\t\t<\/div>\n\t\t\t\t\t<\/div>\n\t\t\t\t<\/div>\n\t\t<div class=\"elementor-element elementor-element-e8c2c1d e-flex e-con-boxed e-con e-parent\" data-id=\"e8c2c1d\" data-element_type=\"container\" data-e-type=\"container\">\n\t\t\t\t\t<div class=\"e-con-inner\">\n\t\t\t\t<div class=\"elementor-element elementor-element-0e4d60f elementor-widget elementor-widget-heading\" data-id=\"0e4d60f\" data-element_type=\"widget\" data-e-type=\"widget\" data-widget_type=\"heading.default\">\n\t\t\t\t<div class=\"elementor-widget-container\">\n\t\t\t\t\t<h2 class=\"elementor-heading-title elementor-size-default\">Je souhaite que mon enfant fasse un essai<\/h2>\t\t\t\t<\/div>\n\t\t\t\t<\/div>\n\t\t\t\t\t<\/div>\n\t\t\t\t<\/div>\n\t\t<div class=\"elementor-element elementor-element-334b631 e-flex e-con-boxed e-con e-parent\" data-id=\"334b631\" data-element_type=\"container\" data-e-type=\"container\">\n\t\t\t\t\t<div class=\"e-con-inner\">\n\t\t\t\t<div class=\"elementor-element elementor-element-36dc3f1 elementor-widget elementor-widget-text-editor\" data-id=\"36dc3f1\" data-element_type=\"widget\" data-e-type=\"widget\" data-widget_type=\"text-editor.default\">\n\t\t\t\t<div class=\"elementor-widget-container\">\n\t\t\t\t\t\t\t\t\t<p>Vous pouvez vous pr\u00e9senter \u00e0 la journ\u00e9e porte ouverte le samedi 30 ao\u00fbt 2025 au gymnase du Pierris, 1 rue Guillaume Bri\u00e7onnet 77100 Meaux de 9h15 \u00e0 12h30.(secteur petite enfance) et de 14h00 \u00e0 18h00 (secteur loisir).<\/p>\t\t\t\t\t\t\t\t<\/div>\n\t\t\t\t<\/div>\n\t\t\t\t\t<\/div>\n\t\t\t\t<\/div>\n\t\t<div class=\"elementor-element elementor-element-a9cb0a0 e-flex e-con-boxed e-con e-parent\" data-id=\"a9cb0a0\" data-element_type=\"container\" data-e-type=\"container\">\n\t\t\t\t\t<div class=\"e-con-inner\">\n\t\t\t\t<div class=\"elementor-element elementor-element-6e67c11 elementor-widget elementor-widget-text-editor\" data-id=\"6e67c11\" data-element_type=\"widget\" data-e-type=\"widget\" data-widget_type=\"text-editor.default\">\n\t\t\t\t<div class=\"elementor-widget-container\">\n\t\t\t\t\t\t\t\t\t<div class=\"elementor-element elementor-element-ffe9afb e-flex e-con-boxed e-con e-parent e-lazyloaded\" data-id=\"ffe9afb\" data-element_type=\"container\"><div class=\"e-con-inner\"><div class=\"elementor-element elementor-element-f00babc e-flex e-con-boxed e-con e-child\" data-id=\"f00babc\" data-element_type=\"container\"><div class=\"e-con-inner\"><div class=\"elementor-element elementor-element-f6b1fb5 elementor-widget elementor-widget-text-editor\" data-id=\"f6b1fb5\" data-element_type=\"widget\" data-widget_type=\"text-editor.default\"><div class=\"elementor-widget-container\"><div class=\"elementor-element elementor-element-ab49042 e-flex e-con-boxed e-con e-parent e-lazyloaded\" data-id=\"ab49042\" data-element_type=\"container\" data-settings=\"{&quot;background_background&quot;:&quot;classic&quot;}\"><div class=\"e-con-inner\"><div class=\"elementor-element elementor-element-f574380 elementor-widget elementor-widget-text-editor\" data-id=\"f574380\" data-element_type=\"widget\" data-widget_type=\"text-editor.default\"><div class=\"elementor-widget-container\"><h5><strong>COMMENT S\u2019INSCRIRE\u00a0?<\/strong><\/h5><p><strong>Pour effectuer une demande d\u2019inscription\u00a0:\u00a0<\/strong><\/p><ul><li><strong>Remplir le formulaire en ligne. Si vous avez bien valid\u00e9 le formulaire, le logiciel vous indiquera un num\u00e9ro de r\u00e9f\u00e9rence \u00e0 conserver, situ\u00e9 tout en haut de l\u2019\u00e9cran.<\/strong><\/li><li><strong>R\u00e9cup\u00e9rer les documents \u00e0 remplir (tout en bas du formulaire) en fonction du secteur choisi.<\/strong><\/li><li><strong>Imprimez et remplir le dossier en respectant le d\u00e9lai d\u2019inscription puis le d\u00e9poser dans la bo\u00eete aux lettres au P\u00f4le Espoir Gymnastique, rue Albert Schweitzer 77100 Meaux. (quartier Dunant, face au Canal de l\u2019Ourcq)<\/strong><\/li><li><strong>Votre dossier complet sera trait\u00e9, de l\u2019enregistrement \u00e0 la validation par un administrateur (v\u00e9rifier votre courrier \u00ab\u00a0ind\u00e9sirable\u00a0\u00bb dans votre messagerie).<\/strong><\/li><li><strong>Prenez connaissance du r\u00e8glement int\u00e9rieur<\/strong><\/li><\/ul><\/div><\/div><\/div><\/div><\/div><\/div><\/div><\/div><\/div><\/div><div class=\"elementor-element elementor-element-8fe377e e-flex e-con-boxed e-con e-parent e-lazyloaded\" data-id=\"8fe377e\" data-element_type=\"container\"><div class=\"e-con-inner\"><div class=\"elementor-element elementor-element-71bd305 elementor-widget elementor-widget-heading\" data-id=\"71bd305\" data-element_type=\"widget\" data-widget_type=\"heading.default\"><div class=\"elementor-widget-container\">\u00a0<\/div><\/div><\/div><\/div>\t\t\t\t\t\t\t\t<\/div>\n\t\t\t\t<\/div>\n\t\t\t\t\t<\/div>\n\t\t\t\t<\/div>\n\t\t<div class=\"elementor-element elementor-element-9b2dc1d e-grid e-con-boxed e-con e-parent\" data-id=\"9b2dc1d\" data-element_type=\"container\" data-e-type=\"container\">\n\t\t\t\t\t<div class=\"e-con-inner\">\n\t\t\t\t<div class=\"elementor-element elementor-element-c9d1ea8 elementor-widget elementor-widget-image\" data-id=\"c9d1ea8\" data-element_type=\"widget\" data-e-type=\"widget\" data-widget_type=\"image.default\">\n\t\t\t\t<div class=\"elementor-widget-container\">\n\t\t\t\t\t\t\t\t\t\t\t\t\t\t\t\t<a href=\"https:\/\/meaux-gymnastique.fr\/wp-content\/uploads\/2025\/06\/V2_2025-2026-PLANNING-SECTEUR-PETITE-ENFANCE-version-au-16.06.2025.pdf\" target=\"_blank\">\n\t\t\t\t\t\t\t<img fetchpriority=\"high\" decoding=\"async\" width=\"800\" height=\"273\" src=\"https:\/\/meaux-gymnastique.fr\/wp-content\/uploads\/2023\/06\/3-bouton-Petite-enfance-infos-1024x350.jpg\" class=\"attachment-large size-large wp-image-2976\" alt=\"\" srcset=\"https:\/\/meaux-gymnastique.fr\/wp-content\/uploads\/2023\/06\/3-bouton-Petite-enfance-infos-1024x350.jpg 1024w, https:\/\/meaux-gymnastique.fr\/wp-content\/uploads\/2023\/06\/3-bouton-Petite-enfance-infos-300x103.jpg 300w, https:\/\/meaux-gymnastique.fr\/wp-content\/uploads\/2023\/06\/3-bouton-Petite-enfance-infos-768x263.jpg 768w, https:\/\/meaux-gymnastique.fr\/wp-content\/uploads\/2023\/06\/3-bouton-Petite-enfance-infos-1536x525.jpg 1536w, https:\/\/meaux-gymnastique.fr\/wp-content\/uploads\/2023\/06\/3-bouton-Petite-enfance-infos.jpg 1556w\" sizes=\"(max-width: 800px) 100vw, 800px\" \/>\t\t\t\t\t\t\t\t<\/a>\n\t\t\t\t\t\t\t\t\t\t\t\t\t\t\t<\/div>\n\t\t\t\t<\/div>\n\t\t\t\t<div class=\"elementor-element elementor-element-ed9752f elementor-widget elementor-widget-image\" data-id=\"ed9752f\" data-element_type=\"widget\" data-e-type=\"widget\" data-widget_type=\"image.default\">\n\t\t\t\t<div class=\"elementor-widget-container\">\n\t\t\t\t\t\t\t\t\t\t\t\t\t\t\t\t<a href=\"https:\/\/www.gestgym.com\/app\/inscription\/add\/meaux-jepqShqf9hb.html\" target=\"_blank\">\n\t\t\t\t\t\t\t<img decoding=\"async\" width=\"800\" height=\"290\" src=\"https:\/\/meaux-gymnastique.fr\/wp-content\/uploads\/2023\/06\/3-bouton-petite-enfance-Preinscription-1024x371.jpg\" class=\"attachment-large size-large wp-image-2978\" alt=\"\" srcset=\"https:\/\/meaux-gymnastique.fr\/wp-content\/uploads\/2023\/06\/3-bouton-petite-enfance-Preinscription-1024x371.jpg 1024w, https:\/\/meaux-gymnastique.fr\/wp-content\/uploads\/2023\/06\/3-bouton-petite-enfance-Preinscription-300x109.jpg 300w, https:\/\/meaux-gymnastique.fr\/wp-content\/uploads\/2023\/06\/3-bouton-petite-enfance-Preinscription-768x278.jpg 768w, https:\/\/meaux-gymnastique.fr\/wp-content\/uploads\/2023\/06\/3-bouton-petite-enfance-Preinscription.jpg 1520w\" sizes=\"(max-width: 800px) 100vw, 800px\" \/>\t\t\t\t\t\t\t\t<\/a>\n\t\t\t\t\t\t\t\t\t\t\t\t\t\t\t<\/div>\n\t\t\t\t<\/div>\n\t\t\t\t\t<\/div>\n\t\t\t\t<\/div>\n\t\t<div class=\"elementor-element elementor-element-81cd217 e-grid e-con-boxed e-con e-parent\" data-id=\"81cd217\" data-element_type=\"container\" data-e-type=\"container\">\n\t\t\t\t\t<div class=\"e-con-inner\">\n\t\t\t\t<div class=\"elementor-element elementor-element-ee3d800 elementor-widget elementor-widget-image\" data-id=\"ee3d800\" data-element_type=\"widget\" data-e-type=\"widget\" data-widget_type=\"image.default\">\n\t\t\t\t<div class=\"elementor-widget-container\">\n\t\t\t\t\t\t\t\t\t\t\t\t\t\t\t\t<a href=\"https:\/\/meaux-gymnastique.fr\/wp-content\/uploads\/2025\/08\/MEAUX-GYMNASTIQUE-2025-cours-loisir-1_20250824.pdf\" target=\"_blank\">\n\t\t\t\t\t\t\t<img decoding=\"async\" width=\"800\" height=\"289\" src=\"https:\/\/meaux-gymnastique.fr\/wp-content\/uploads\/2023\/06\/Bouton-Loisir-jours-et-horaires-1024x370.jpg\" class=\"attachment-large size-large wp-image-3063\" alt=\"\" srcset=\"https:\/\/meaux-gymnastique.fr\/wp-content\/uploads\/2023\/06\/Bouton-Loisir-jours-et-horaires-1024x370.jpg 1024w, https:\/\/meaux-gymnastique.fr\/wp-content\/uploads\/2023\/06\/Bouton-Loisir-jours-et-horaires-300x108.jpg 300w, https:\/\/meaux-gymnastique.fr\/wp-content\/uploads\/2023\/06\/Bouton-Loisir-jours-et-horaires-768x278.jpg 768w, https:\/\/meaux-gymnastique.fr\/wp-content\/uploads\/2023\/06\/Bouton-Loisir-jours-et-horaires.jpg 1510w\" sizes=\"(max-width: 800px) 100vw, 800px\" \/>\t\t\t\t\t\t\t\t<\/a>\n\t\t\t\t\t\t\t\t\t\t\t\t\t\t\t<\/div>\n\t\t\t\t<\/div>\n\t\t\t\t<div class=\"elementor-element elementor-element-3fe93d6 elementor-widget elementor-widget-image\" data-id=\"3fe93d6\" data-element_type=\"widget\" data-e-type=\"widget\" data-widget_type=\"image.default\">\n\t\t\t\t<div class=\"elementor-widget-container\">\n\t\t\t\t\t\t\t\t\t\t\t\t\t\t\t\t<a href=\"https:\/\/www.gestgym.com\/public\/inscription\/add\/meaux-jepqShqf9hb.html\" target=\"_blank\">\n\t\t\t\t\t\t\t<img loading=\"lazy\" decoding=\"async\" width=\"800\" height=\"283\" src=\"https:\/\/meaux-gymnastique.fr\/wp-content\/uploads\/2023\/06\/BOUTON-sECTEUR-LOISIR-Inscription-1024x362.jpg\" class=\"attachment-large size-large wp-image-3064\" alt=\"\" srcset=\"https:\/\/meaux-gymnastique.fr\/wp-content\/uploads\/2023\/06\/BOUTON-sECTEUR-LOISIR-Inscription-1024x362.jpg 1024w, https:\/\/meaux-gymnastique.fr\/wp-content\/uploads\/2023\/06\/BOUTON-sECTEUR-LOISIR-Inscription-300x106.jpg 300w, https:\/\/meaux-gymnastique.fr\/wp-content\/uploads\/2023\/06\/BOUTON-sECTEUR-LOISIR-Inscription-768x272.jpg 768w, https:\/\/meaux-gymnastique.fr\/wp-content\/uploads\/2023\/06\/BOUTON-sECTEUR-LOISIR-Inscription.jpg 1516w\" sizes=\"(max-width: 800px) 100vw, 800px\" \/>\t\t\t\t\t\t\t\t<\/a>\n\t\t\t\t\t\t\t\t\t\t\t\t\t\t\t<\/div>\n\t\t\t\t<\/div>\n\t\t\t\t\t<\/div>\n\t\t\t\t<\/div>\n\t\t<div class=\"elementor-element elementor-element-99b572b e-grid e-con-boxed e-con e-parent\" data-id=\"99b572b\" data-element_type=\"container\" data-e-type=\"container\">\n\t\t\t\t\t<div class=\"e-con-inner\">\n\t\t\t\t<div class=\"elementor-element elementor-element-76e641c elementor-widget elementor-widget-image\" data-id=\"76e641c\" data-element_type=\"widget\" data-e-type=\"widget\" data-widget_type=\"image.default\">\n\t\t\t\t<div class=\"elementor-widget-container\">\n\t\t\t\t\t\t\t\t\t\t\t\t\t\t\t\t<a href=\"https:\/\/meaux-gymnastique.fr\/wp-content\/uploads\/2025\/08\/MEAUX-GYMNASTIQUE-2025-fiche-cours-competition-de-Proximite_20250824.pdf\" target=\"_blank\">\n\t\t\t\t\t\t\t<img loading=\"lazy\" decoding=\"async\" width=\"800\" height=\"280\" src=\"https:\/\/meaux-gymnastique.fr\/wp-content\/uploads\/2024\/08\/Bouton-procimite-1024x359.jpg\" class=\"attachment-large size-large wp-image-3475\" alt=\"\" srcset=\"https:\/\/meaux-gymnastique.fr\/wp-content\/uploads\/2024\/08\/Bouton-procimite-1024x359.jpg 1024w, https:\/\/meaux-gymnastique.fr\/wp-content\/uploads\/2024\/08\/Bouton-procimite-300x105.jpg 300w, https:\/\/meaux-gymnastique.fr\/wp-content\/uploads\/2024\/08\/Bouton-procimite-768x269.jpg 768w, https:\/\/meaux-gymnastique.fr\/wp-content\/uploads\/2024\/08\/Bouton-procimite-1536x538.jpg 1536w, https:\/\/meaux-gymnastique.fr\/wp-content\/uploads\/2024\/08\/Bouton-procimite.jpg 1542w\" sizes=\"(max-width: 800px) 100vw, 800px\" \/>\t\t\t\t\t\t\t\t<\/a>\n\t\t\t\t\t\t\t\t\t\t\t\t\t\t\t<\/div>\n\t\t\t\t<\/div>\n\t\t\t\t<div class=\"elementor-element elementor-element-d323142 elementor-widget elementor-widget-image\" data-id=\"d323142\" data-element_type=\"widget\" data-e-type=\"widget\" data-widget_type=\"image.default\">\n\t\t\t\t<div class=\"elementor-widget-container\">\n\t\t\t\t\t\t\t\t\t\t\t\t\t\t\t\t<a href=\"https:\/\/www.gestgym.com\/app\/inscription\/add\/meaux-jepqShqf9hb.html\" target=\"_blank\">\n\t\t\t\t\t\t\t<img loading=\"lazy\" decoding=\"async\" width=\"800\" height=\"273\" src=\"https:\/\/meaux-gymnastique.fr\/wp-content\/uploads\/2024\/08\/Bouton-proximite-inscription-1024x350.jpg\" class=\"attachment-large size-large wp-image-3476\" alt=\"\" srcset=\"https:\/\/meaux-gymnastique.fr\/wp-content\/uploads\/2024\/08\/Bouton-proximite-inscription-1024x350.jpg 1024w, https:\/\/meaux-gymnastique.fr\/wp-content\/uploads\/2024\/08\/Bouton-proximite-inscription-300x103.jpg 300w, https:\/\/meaux-gymnastique.fr\/wp-content\/uploads\/2024\/08\/Bouton-proximite-inscription-768x263.jpg 768w, https:\/\/meaux-gymnastique.fr\/wp-content\/uploads\/2024\/08\/Bouton-proximite-inscription.jpg 1508w\" sizes=\"(max-width: 800px) 100vw, 800px\" \/>\t\t\t\t\t\t\t\t<\/a>\n\t\t\t\t\t\t\t\t\t\t\t\t\t\t\t<\/div>\n\t\t\t\t<\/div>\n\t\t\t\t\t<\/div>\n\t\t\t\t<\/div>\n\t\t\t\t<\/div>\n\t\t","protected":false},"excerpt":{"rendered":"<p>Inscriptions 2025-2026 &#8211; Les pr\u00e9 inscriptions du secteur petite enfance ( de 2 ans jusqu\u2019en derni\u00e8re ann\u00e9e de maternelle) &#8211;<\/p>\n","protected":false},"author":1,"featured_media":0,"parent":0,"menu_order":0,"comment_status":"closed","ping_status":"closed","template":"","meta":{"colormag_page_container_layout":"default_layout","colormag_page_sidebar_layout":"default_layout","jetpack_post_was_ever_published":false,"footnotes":""},"class_list":["post-3653","page","type-page","status-publish","hentry"],"jetpack_sharing_enabled":true,"_links":{"self":[{"href":"https:\/\/meaux-gymnastique.fr\/index.php\/wp-json\/wp\/v2\/pages\/3653","targetHints":{"allow":["GET"]}}],"collection":[{"href":"https:\/\/meaux-gymnastique.fr\/index.php\/wp-json\/wp\/v2\/pages"}],"about":[{"href":"https:\/\/meaux-gymnastique.fr\/index.php\/wp-json\/wp\/v2\/types\/page"}],"author":[{"embeddable":true,"href":"https:\/\/meaux-gymnastique.fr\/index.php\/wp-json\/wp\/v2\/users\/1"}],"replies":[{"embeddable":true,"href":"https:\/\/meaux-gymnastique.fr\/index.php\/wp-json\/wp\/v2\/comments?post=3653"}],"version-history":[{"count":67,"href":"https:\/\/meaux-gymnastique.fr\/index.php\/wp-json\/wp\/v2\/pages\/3653\/revisions"}],"predecessor-version":[{"id":3787,"href":"https:\/\/meaux-gymnastique.fr\/index.php\/wp-json\/wp\/v2\/pages\/3653\/revisions\/3787"}],"wp:attachment":[{"href":"https:\/\/meaux-gymnastique.fr\/index.php\/wp-json\/wp\/v2\/media?parent=3653"}],"curies":[{"name":"wp","href":"https:\/\/api.w.org\/{rel}","templated":true}]}}