{"id":572,"date":"2019-11-19T11:50:15","date_gmt":"2019-11-19T10:50:15","guid":{"rendered":"http:\/\/meaux-gymnastique.fr\/?page_id=572"},"modified":"2020-02-18T17:14:29","modified_gmt":"2020-02-18T16:14:29","slug":"1997-2","status":"publish","type":"page","link":"https:\/\/meaux-gymnastique.fr\/index.php\/1997-2\/","title":{"rendered":"Grenier"},"content":{"rendered":"<p><big>Voici p\u00eale-m\u00eale quelques photos retrouv\u00e9es&nbsp; des ann\u00e9es 1997 pour certaines,<br \/>\nsouvenirs de Coupes de France, ou autres (Lisieux, Strasbourg, etc&#8230;). Les reconna\u00eetrez-vous ?<br \/>\n<\/big><\/p>\n<figure id=\"attachment_1455\" aria-describedby=\"caption-attachment-1455\" style=\"width: 2560px\" class=\"wp-caption alignnone\"><img fetchpriority=\"high\" decoding=\"async\" class=\"wp-image-1455 size-full\" src=\"https:\/\/meaux-gymnastique.fr\/wp-content\/uploads\/2020\/02\/1997_chalons_en_champagne-scaled.jpg\" alt=\"\" width=\"2560\" height=\"1759\" srcset=\"https:\/\/meaux-gymnastique.fr\/wp-content\/uploads\/2020\/02\/1997_chalons_en_champagne-scaled.jpg 2560w, https:\/\/meaux-gymnastique.fr\/wp-content\/uploads\/2020\/02\/1997_chalons_en_champagne-300x206.jpg 300w, https:\/\/meaux-gymnastique.fr\/wp-content\/uploads\/2020\/02\/1997_chalons_en_champagne-1024x704.jpg 1024w, https:\/\/meaux-gymnastique.fr\/wp-content\/uploads\/2020\/02\/1997_chalons_en_champagne-768x528.jpg 768w, https:\/\/meaux-gymnastique.fr\/wp-content\/uploads\/2020\/02\/1997_chalons_en_champagne-1536x1055.jpg 1536w, https:\/\/meaux-gymnastique.fr\/wp-content\/uploads\/2020\/02\/1997_chalons_en_champagne-2048x1407.jpg 2048w, https:\/\/meaux-gymnastique.fr\/wp-content\/uploads\/2020\/02\/1997_chalons_en_champagne-130x90.jpg 130w\" sizes=\"(max-width: 2560px) 100vw, 2560px\" \/><figcaption id=\"caption-attachment-1455\" class=\"wp-caption-text\">1998 &#8211; Chalons en Champagne<\/figcaption><\/figure>\n<div>\n<div>&nbsp;<\/div>\n<\/div>\n<p><img decoding=\"async\" class=\"aligncenter wp-image-1457 size-full\" src=\"https:\/\/meaux-gymnastique.fr\/wp-content\/uploads\/2020\/02\/1997_laurence_payet-scaled.jpg\" alt=\"\" width=\"1928\" height=\"2560\" srcset=\"https:\/\/meaux-gymnastique.fr\/wp-content\/uploads\/2020\/02\/1997_laurence_payet-scaled.jpg 1928w, https:\/\/meaux-gymnastique.fr\/wp-content\/uploads\/2020\/02\/1997_laurence_payet-226x300.jpg 226w, https:\/\/meaux-gymnastique.fr\/wp-content\/uploads\/2020\/02\/1997_laurence_payet-771x1024.jpg 771w, https:\/\/meaux-gymnastique.fr\/wp-content\/uploads\/2020\/02\/1997_laurence_payet-768x1020.jpg 768w, https:\/\/meaux-gymnastique.fr\/wp-content\/uploads\/2020\/02\/1997_laurence_payet-1157x1536.jpg 1157w, https:\/\/meaux-gymnastique.fr\/wp-content\/uploads\/2020\/02\/1997_laurence_payet-1542x2048.jpg 1542w\" sizes=\"(max-width: 1928px) 100vw, 1928px\" \/><\/p>\n<figure id=\"attachment_1456\" aria-describedby=\"caption-attachment-1456\" style=\"width: 1715px\" class=\"wp-caption aligncenter\"><img decoding=\"async\" class=\"wp-image-1456 size-full\" src=\"https:\/\/meaux-gymnastique.fr\/wp-content\/uploads\/2020\/02\/1997_delphine_regease-quart_finale_coupedefrance-scaled.jpg\" alt=\"\" width=\"1715\" height=\"2560\" srcset=\"https:\/\/meaux-gymnastique.fr\/wp-content\/uploads\/2020\/02\/1997_delphine_regease-quart_finale_coupedefrance-scaled.jpg 1715w, https:\/\/meaux-gymnastique.fr\/wp-content\/uploads\/2020\/02\/1997_delphine_regease-quart_finale_coupedefrance-201x300.jpg 201w, https:\/\/meaux-gymnastique.fr\/wp-content\/uploads\/2020\/02\/1997_delphine_regease-quart_finale_coupedefrance-686x1024.jpg 686w, https:\/\/meaux-gymnastique.fr\/wp-content\/uploads\/2020\/02\/1997_delphine_regease-quart_finale_coupedefrance-768x1146.jpg 768w, https:\/\/meaux-gymnastique.fr\/wp-content\/uploads\/2020\/02\/1997_delphine_regease-quart_finale_coupedefrance-1029x1536.jpg 1029w, https:\/\/meaux-gymnastique.fr\/wp-content\/uploads\/2020\/02\/1997_delphine_regease-quart_finale_coupedefrance-1372x2048.jpg 1372w\" sizes=\"(max-width: 1715px) 100vw, 1715px\" \/><figcaption id=\"caption-attachment-1456\" class=\"wp-caption-text\">1997-1\/4 finale Coupe de France-Delphine Regease<\/figcaption><\/figure>\n<p><img loading=\"lazy\" decoding=\"async\" class=\"aligncenter wp-image-1460 size-full\" src=\"https:\/\/meaux-gymnastique.fr\/wp-content\/uploads\/2020\/02\/1997_meaux_huitieme_de-finale_coupedefrance-scaled.jpg\" alt=\"\" width=\"2560\" height=\"1737\" srcset=\"https:\/\/meaux-gymnastique.fr\/wp-content\/uploads\/2020\/02\/1997_meaux_huitieme_de-finale_coupedefrance-scaled.jpg 2560w, https:\/\/meaux-gymnastique.fr\/wp-content\/uploads\/2020\/02\/1997_meaux_huitieme_de-finale_coupedefrance-300x204.jpg 300w, https:\/\/meaux-gymnastique.fr\/wp-content\/uploads\/2020\/02\/1997_meaux_huitieme_de-finale_coupedefrance-1024x695.jpg 1024w, https:\/\/meaux-gymnastique.fr\/wp-content\/uploads\/2020\/02\/1997_meaux_huitieme_de-finale_coupedefrance-768x521.jpg 768w, https:\/\/meaux-gymnastique.fr\/wp-content\/uploads\/2020\/02\/1997_meaux_huitieme_de-finale_coupedefrance-1536x1042.jpg 1536w, https:\/\/meaux-gymnastique.fr\/wp-content\/uploads\/2020\/02\/1997_meaux_huitieme_de-finale_coupedefrance-2048x1390.jpg 2048w\" sizes=\"(max-width: 2560px) 100vw, 2560px\" \/> <img loading=\"lazy\" decoding=\"async\" class=\"aligncenter wp-image-1459 size-full\" src=\"https:\/\/meaux-gymnastique.fr\/wp-content\/uploads\/2020\/02\/1997_lisieux_2-scaled.jpg\" alt=\"\" width=\"1758\" height=\"2560\" srcset=\"https:\/\/meaux-gymnastique.fr\/wp-content\/uploads\/2020\/02\/1997_lisieux_2-scaled.jpg 1758w, https:\/\/meaux-gymnastique.fr\/wp-content\/uploads\/2020\/02\/1997_lisieux_2-206x300.jpg 206w, https:\/\/meaux-gymnastique.fr\/wp-content\/uploads\/2020\/02\/1997_lisieux_2-703x1024.jpg 703w, https:\/\/meaux-gymnastique.fr\/wp-content\/uploads\/2020\/02\/1997_lisieux_2-768x1119.jpg 768w, https:\/\/meaux-gymnastique.fr\/wp-content\/uploads\/2020\/02\/1997_lisieux_2-1055x1536.jpg 1055w, https:\/\/meaux-gymnastique.fr\/wp-content\/uploads\/2020\/02\/1997_lisieux_2-1406x2048.jpg 1406w\" sizes=\"(max-width: 1758px) 100vw, 1758px\" \/><\/p>\n<figure id=\"attachment_1458\" aria-describedby=\"caption-attachment-1458\" style=\"width: 1762px\" class=\"wp-caption aligncenter\"><img loading=\"lazy\" decoding=\"async\" class=\"wp-image-1458 size-full\" src=\"https:\/\/meaux-gymnastique.fr\/wp-content\/uploads\/2020\/02\/1997_lisieux_1-scaled.jpg\" alt=\"\" width=\"1762\" height=\"2560\" srcset=\"https:\/\/meaux-gymnastique.fr\/wp-content\/uploads\/2020\/02\/1997_lisieux_1-scaled.jpg 1762w, https:\/\/meaux-gymnastique.fr\/wp-content\/uploads\/2020\/02\/1997_lisieux_1-206x300.jpg 206w, https:\/\/meaux-gymnastique.fr\/wp-content\/uploads\/2020\/02\/1997_lisieux_1-705x1024.jpg 705w, https:\/\/meaux-gymnastique.fr\/wp-content\/uploads\/2020\/02\/1997_lisieux_1-768x1116.jpg 768w, https:\/\/meaux-gymnastique.fr\/wp-content\/uploads\/2020\/02\/1997_lisieux_1-1057x1536.jpg 1057w, https:\/\/meaux-gymnastique.fr\/wp-content\/uploads\/2020\/02\/1997_lisieux_1-1410x2048.jpg 1410w\" sizes=\"(max-width: 1762px) 100vw, 1762px\" \/><figcaption id=\"caption-attachment-1458\" class=\"wp-caption-text\">Coupe de France<\/figcaption><\/figure>\n<p><img loading=\"lazy\" decoding=\"async\" class=\"aligncenter wp-image-1461 size-full\" src=\"https:\/\/meaux-gymnastique.fr\/wp-content\/uploads\/2020\/02\/1997_strasbourg-scaled.jpg\" alt=\"\" width=\"2560\" height=\"1733\" srcset=\"https:\/\/meaux-gymnastique.fr\/wp-content\/uploads\/2020\/02\/1997_strasbourg-scaled.jpg 2560w, https:\/\/meaux-gymnastique.fr\/wp-content\/uploads\/2020\/02\/1997_strasbourg-300x203.jpg 300w, https:\/\/meaux-gymnastique.fr\/wp-content\/uploads\/2020\/02\/1997_strasbourg-1024x693.jpg 1024w, https:\/\/meaux-gymnastique.fr\/wp-content\/uploads\/2020\/02\/1997_strasbourg-768x520.jpg 768w, https:\/\/meaux-gymnastique.fr\/wp-content\/uploads\/2020\/02\/1997_strasbourg-1536x1040.jpg 1536w, https:\/\/meaux-gymnastique.fr\/wp-content\/uploads\/2020\/02\/1997_strasbourg-2048x1387.jpg 2048w\" sizes=\"(max-width: 2560px) 100vw, 2560px\" \/><\/p>\n<figure id=\"attachment_1462\" aria-describedby=\"caption-attachment-1462\" style=\"width: 1690px\" class=\"wp-caption aligncenter\"><img loading=\"lazy\" decoding=\"async\" class=\"wp-image-1462 size-full\" src=\"https:\/\/meaux-gymnastique.fr\/wp-content\/uploads\/2020\/02\/1999_emilie_buffe-scaled.jpg\" alt=\"\" width=\"1690\" height=\"2560\" srcset=\"https:\/\/meaux-gymnastique.fr\/wp-content\/uploads\/2020\/02\/1999_emilie_buffe-scaled.jpg 1690w, https:\/\/meaux-gymnastique.fr\/wp-content\/uploads\/2020\/02\/1999_emilie_buffe-198x300.jpg 198w, https:\/\/meaux-gymnastique.fr\/wp-content\/uploads\/2020\/02\/1999_emilie_buffe-676x1024.jpg 676w, https:\/\/meaux-gymnastique.fr\/wp-content\/uploads\/2020\/02\/1999_emilie_buffe-768x1164.jpg 768w, https:\/\/meaux-gymnastique.fr\/wp-content\/uploads\/2020\/02\/1999_emilie_buffe-1014x1536.jpg 1014w, https:\/\/meaux-gymnastique.fr\/wp-content\/uploads\/2020\/02\/1999_emilie_buffe-1352x2048.jpg 1352w\" sizes=\"(max-width: 1690px) 100vw, 1690px\" \/><figcaption id=\"caption-attachment-1462\" class=\"wp-caption-text\">1999- Emilie Buffe<\/figcaption><\/figure>\n<figure id=\"attachment_1454\" aria-describedby=\"caption-attachment-1454\" style=\"width: 1577px\" class=\"wp-caption aligncenter\"><img loading=\"lazy\" decoding=\"async\" class=\"wp-image-1454 size-full\" src=\"https:\/\/meaux-gymnastique.fr\/wp-content\/uploads\/2020\/02\/1988-_04_26_demi_finale_zone.jpg\" alt=\"\" width=\"1577\" height=\"1052\" srcset=\"https:\/\/meaux-gymnastique.fr\/wp-content\/uploads\/2020\/02\/1988-_04_26_demi_finale_zone.jpg 1577w, https:\/\/meaux-gymnastique.fr\/wp-content\/uploads\/2020\/02\/1988-_04_26_demi_finale_zone-300x200.jpg 300w, https:\/\/meaux-gymnastique.fr\/wp-content\/uploads\/2020\/02\/1988-_04_26_demi_finale_zone-1024x683.jpg 1024w, https:\/\/meaux-gymnastique.fr\/wp-content\/uploads\/2020\/02\/1988-_04_26_demi_finale_zone-768x512.jpg 768w, https:\/\/meaux-gymnastique.fr\/wp-content\/uploads\/2020\/02\/1988-_04_26_demi_finale_zone-1536x1025.jpg 1536w\" sizes=\"(max-width: 1577px) 100vw, 1577px\" \/><figcaption id=\"caption-attachment-1454\" class=\"wp-caption-text\">26\/04\/1988-Equipe toutes cat\u00e9gories 1\/2 finale zone-Meaux<\/figcaption><\/figure>\n<p><img loading=\"lazy\" decoding=\"async\" class=\"aligncenter wp-image-1453 size-full\" src=\"https:\/\/meaux-gymnastique.fr\/wp-content\/uploads\/2020\/02\/1987_05_24.jpg\" alt=\"\" width=\"824\" height=\"553\" srcset=\"https:\/\/meaux-gymnastique.fr\/wp-content\/uploads\/2020\/02\/1987_05_24.jpg 824w, https:\/\/meaux-gymnastique.fr\/wp-content\/uploads\/2020\/02\/1987_05_24-300x201.jpg 300w, https:\/\/meaux-gymnastique.fr\/wp-content\/uploads\/2020\/02\/1987_05_24-768x515.jpg 768w\" sizes=\"(max-width: 824px) 100vw, 824px\" \/><\/p>\n<p><big>Devinez&nbsp; qui est encore \u00e0 Meaux-Gymnastique parmi ces demoiselles <\/big>?<\/p>\n<div><big>Une de leurs premi\u00e8res comp\u00e9titions \u00e0 DAMMARIE LES LYS un 24 mai 1987<\/big><\/div>\n","protected":false},"excerpt":{"rendered":"<p>Voici p\u00eale-m\u00eale quelques photos retrouv\u00e9es&nbsp; des ann\u00e9es 1997 pour certaines, souvenirs de Coupes de France, ou autres (Lisieux, Strasbourg, etc&#8230;).<\/p>\n","protected":false},"author":1,"featured_media":0,"parent":0,"menu_order":0,"comment_status":"closed","ping_status":"closed","template":"","meta":{"colormag_page_container_layout":"default_layout","colormag_page_sidebar_layout":"default_layout","jetpack_post_was_ever_published":false,"footnotes":""},"class_list":["post-572","page","type-page","status-publish","hentry"],"jetpack_sharing_enabled":true,"_links":{"self":[{"href":"https:\/\/meaux-gymnastique.fr\/index.php\/wp-json\/wp\/v2\/pages\/572","targetHints":{"allow":["GET"]}}],"collection":[{"href":"https:\/\/meaux-gymnastique.fr\/index.php\/wp-json\/wp\/v2\/pages"}],"about":[{"href":"https:\/\/meaux-gymnastique.fr\/index.php\/wp-json\/wp\/v2\/types\/page"}],"author":[{"embeddable":true,"href":"https:\/\/meaux-gymnastique.fr\/index.php\/wp-json\/wp\/v2\/users\/1"}],"replies":[{"embeddable":true,"href":"https:\/\/meaux-gymnastique.fr\/index.php\/wp-json\/wp\/v2\/comments?post=572"}],"version-history":[{"count":8,"href":"https:\/\/meaux-gymnastique.fr\/index.php\/wp-json\/wp\/v2\/pages\/572\/revisions"}],"predecessor-version":[{"id":1468,"href":"https:\/\/meaux-gymnastique.fr\/index.php\/wp-json\/wp\/v2\/pages\/572\/revisions\/1468"}],"wp:attachment":[{"href":"https:\/\/meaux-gymnastique.fr\/index.php\/wp-json\/wp\/v2\/media?parent=572"}],"curies":[{"name":"wp","href":"https:\/\/api.w.org\/{rel}","templated":true}]}}

<p><big>Voici pêle-mêle quelques photos retrouvées&nbsp; des années 1997 pour certaines,<br />
souvenirs de Coupes de France, ou autres (Lisieux, Strasbourg, etc&#8230;). Les reconnaîtrez-vous ?<br />
</big></p>
<figure id="attachment_1455" aria-describedby="caption-attachment-1455" style="width: 2560px" class="wp-caption alignnone"><img fetchpriority="high" decoding="async" class="wp-image-1455 size-full" src="https://meaux-gymnastique.fr/wp-content/uploads/2020/02/1997_chalons_en_champagne-scaled.jpg" alt="" width="2560" height="1759" srcset="https://meaux-gymnastique.fr/wp-content/uploads/2020/02/1997_chalons_en_champagne-scaled.jpg 2560w, https://meaux-gymnastique.fr/wp-content/uploads/2020/02/1997_chalons_en_champagne-300x206.jpg 300w, https://meaux-gymnastique.fr/wp-content/uploads/2020/02/1997_chalons_en_champagne-1024x704.jpg 1024w, https://meaux-gymnastique.fr/wp-content/uploads/2020/02/1997_chalons_en_champagne-768x528.jpg 768w, https://meaux-gymnastique.fr/wp-content/uploads/2020/02/1997_chalons_en_champagne-1536x1055.jpg 1536w, https://meaux-gymnastique.fr/wp-content/uploads/2020/02/1997_chalons_en_champagne-2048x1407.jpg 2048w, https://meaux-gymnastique.fr/wp-content/uploads/2020/02/1997_chalons_en_champagne-130x90.jpg 130w" sizes="(max-width: 2560px) 100vw, 2560px" /><figcaption id="caption-attachment-1455" class="wp-caption-text">1998 &#8211; Chalons en Champagne</figcaption></figure>
<div>
<div>&nbsp;</div>
</div>
<p><img decoding="async" class="aligncenter wp-image-1457 size-full" src="https://meaux-gymnastique.fr/wp-content/uploads/2020/02/1997_laurence_payet-scaled.jpg" alt="" width="1928" height="2560" srcset="https://meaux-gymnastique.fr/wp-content/uploads/2020/02/1997_laurence_payet-scaled.jpg 1928w, https://meaux-gymnastique.fr/wp-content/uploads/2020/02/1997_laurence_payet-226x300.jpg 226w, https://meaux-gymnastique.fr/wp-content/uploads/2020/02/1997_laurence_payet-771x1024.jpg 771w, https://meaux-gymnastique.fr/wp-content/uploads/2020/02/1997_laurence_payet-768x1020.jpg 768w, https://meaux-gymnastique.fr/wp-content/uploads/2020/02/1997_laurence_payet-1157x1536.jpg 1157w, https://meaux-gymnastique.fr/wp-content/uploads/2020/02/1997_laurence_payet-1542x2048.jpg 1542w" sizes="(max-width: 1928px) 100vw, 1928px" /></p>
<figure id="attachment_1456" aria-describedby="caption-attachment-1456" style="width: 1715px" class="wp-caption aligncenter"><img decoding="async" class="wp-image-1456 size-full" src="https://meaux-gymnastique.fr/wp-content/uploads/2020/02/1997_delphine_regease-quart_finale_coupedefrance-scaled.jpg" alt="" width="1715" height="2560" srcset="https://meaux-gymnastique.fr/wp-content/uploads/2020/02/1997_delphine_regease-quart_finale_coupedefrance-scaled.jpg 1715w, https://meaux-gymnastique.fr/wp-content/uploads/2020/02/1997_delphine_regease-quart_finale_coupedefrance-201x300.jpg 201w, https://meaux-gymnastique.fr/wp-content/uploads/2020/02/1997_delphine_regease-quart_finale_coupedefrance-686x1024.jpg 686w, https://meaux-gymnastique.fr/wp-content/uploads/2020/02/1997_delphine_regease-quart_finale_coupedefrance-768x1146.jpg 768w, https://meaux-gymnastique.fr/wp-content/uploads/2020/02/1997_delphine_regease-quart_finale_coupedefrance-1029x1536.jpg 1029w, https://meaux-gymnastique.fr/wp-content/uploads/2020/02/1997_delphine_regease-quart_finale_coupedefrance-1372x2048.jpg 1372w" sizes="(max-width: 1715px) 100vw, 1715px" /><figcaption id="caption-attachment-1456" class="wp-caption-text">1997-1/4 finale Coupe de France-Delphine Regease</figcaption></figure>
<p><img loading="lazy" decoding="async" class="aligncenter wp-image-1460 size-full" src="https://meaux-gymnastique.fr/wp-content/uploads/2020/02/1997_meaux_huitieme_de-finale_coupedefrance-scaled.jpg" alt="" width="2560" height="1737" srcset="https://meaux-gymnastique.fr/wp-content/uploads/2020/02/1997_meaux_huitieme_de-finale_coupedefrance-scaled.jpg 2560w, https://meaux-gymnastique.fr/wp-content/uploads/2020/02/1997_meaux_huitieme_de-finale_coupedefrance-300x204.jpg 300w, https://meaux-gymnastique.fr/wp-content/uploads/2020/02/1997_meaux_huitieme_de-finale_coupedefrance-1024x695.jpg 1024w, https://meaux-gymnastique.fr/wp-content/uploads/2020/02/1997_meaux_huitieme_de-finale_coupedefrance-768x521.jpg 768w, https://meaux-gymnastique.fr/wp-content/uploads/2020/02/1997_meaux_huitieme_de-finale_coupedefrance-1536x1042.jpg 1536w, https://meaux-gymnastique.fr/wp-content/uploads/2020/02/1997_meaux_huitieme_de-finale_coupedefrance-2048x1390.jpg 2048w" sizes="(max-width: 2560px) 100vw, 2560px" /> <img loading="lazy" decoding="async" class="aligncenter wp-image-1459 size-full" src="https://meaux-gymnastique.fr/wp-content/uploads/2020/02/1997_lisieux_2-scaled.jpg" alt="" width="1758" height="2560" srcset="https://meaux-gymnastique.fr/wp-content/uploads/2020/02/1997_lisieux_2-scaled.jpg 1758w, https://meaux-gymnastique.fr/wp-content/uploads/2020/02/1997_lisieux_2-206x300.jpg 206w, https://meaux-gymnastique.fr/wp-content/uploads/2020/02/1997_lisieux_2-703x1024.jpg 703w, https://meaux-gymnastique.fr/wp-content/uploads/2020/02/1997_lisieux_2-768x1119.jpg 768w, https://meaux-gymnastique.fr/wp-content/uploads/2020/02/1997_lisieux_2-1055x1536.jpg 1055w, https://meaux-gymnastique.fr/wp-content/uploads/2020/02/1997_lisieux_2-1406x2048.jpg 1406w" sizes="(max-width: 1758px) 100vw, 1758px" /></p>
<figure id="attachment_1458" aria-describedby="caption-attachment-1458" style="width: 1762px" class="wp-caption aligncenter"><img loading="lazy" decoding="async" class="wp-image-1458 size-full" src="https://meaux-gymnastique.fr/wp-content/uploads/2020/02/1997_lisieux_1-scaled.jpg" alt="" width="1762" height="2560" srcset="https://meaux-gymnastique.fr/wp-content/uploads/2020/02/1997_lisieux_1-scaled.jpg 1762w, https://meaux-gymnastique.fr/wp-content/uploads/2020/02/1997_lisieux_1-206x300.jpg 206w, https://meaux-gymnastique.fr/wp-content/uploads/2020/02/1997_lisieux_1-705x1024.jpg 705w, https://meaux-gymnastique.fr/wp-content/uploads/2020/02/1997_lisieux_1-768x1116.jpg 768w, https://meaux-gymnastique.fr/wp-content/uploads/2020/02/1997_lisieux_1-1057x1536.jpg 1057w, https://meaux-gymnastique.fr/wp-content/uploads/2020/02/1997_lisieux_1-1410x2048.jpg 1410w" sizes="(max-width: 1762px) 100vw, 1762px" /><figcaption id="caption-attachment-1458" class="wp-caption-text">Coupe de France</figcaption></figure>
<p><img loading="lazy" decoding="async" class="aligncenter wp-image-1461 size-full" src="https://meaux-gymnastique.fr/wp-content/uploads/2020/02/1997_strasbourg-scaled.jpg" alt="" width="2560" height="1733" srcset="https://meaux-gymnastique.fr/wp-content/uploads/2020/02/1997_strasbourg-scaled.jpg 2560w, https://meaux-gymnastique.fr/wp-content/uploads/2020/02/1997_strasbourg-300x203.jpg 300w, https://meaux-gymnastique.fr/wp-content/uploads/2020/02/1997_strasbourg-1024x693.jpg 1024w, https://meaux-gymnastique.fr/wp-content/uploads/2020/02/1997_strasbourg-768x520.jpg 768w, https://meaux-gymnastique.fr/wp-content/uploads/2020/02/1997_strasbourg-1536x1040.jpg 1536w, https://meaux-gymnastique.fr/wp-content/uploads/2020/02/1997_strasbourg-2048x1387.jpg 2048w" sizes="(max-width: 2560px) 100vw, 2560px" /></p>
<figure id="attachment_1462" aria-describedby="caption-attachment-1462" style="width: 1690px" class="wp-caption aligncenter"><img loading="lazy" decoding="async" class="wp-image-1462 size-full" src="https://meaux-gymnastique.fr/wp-content/uploads/2020/02/1999_emilie_buffe-scaled.jpg" alt="" width="1690" height="2560" srcset="https://meaux-gymnastique.fr/wp-content/uploads/2020/02/1999_emilie_buffe-scaled.jpg 1690w, https://meaux-gymnastique.fr/wp-content/uploads/2020/02/1999_emilie_buffe-198x300.jpg 198w, https://meaux-gymnastique.fr/wp-content/uploads/2020/02/1999_emilie_buffe-676x1024.jpg 676w, https://meaux-gymnastique.fr/wp-content/uploads/2020/02/1999_emilie_buffe-768x1164.jpg 768w, https://meaux-gymnastique.fr/wp-content/uploads/2020/02/1999_emilie_buffe-1014x1536.jpg 1014w, https://meaux-gymnastique.fr/wp-content/uploads/2020/02/1999_emilie_buffe-1352x2048.jpg 1352w" sizes="(max-width: 1690px) 100vw, 1690px" /><figcaption id="caption-attachment-1462" class="wp-caption-text">1999- Emilie Buffe</figcaption></figure>
<figure id="attachment_1454" aria-describedby="caption-attachment-1454" style="width: 1577px" class="wp-caption aligncenter"><img loading="lazy" decoding="async" class="wp-image-1454 size-full" src="https://meaux-gymnastique.fr/wp-content/uploads/2020/02/1988-_04_26_demi_finale_zone.jpg" alt="" width="1577" height="1052" srcset="https://meaux-gymnastique.fr/wp-content/uploads/2020/02/1988-_04_26_demi_finale_zone.jpg 1577w, https://meaux-gymnastique.fr/wp-content/uploads/2020/02/1988-_04_26_demi_finale_zone-300x200.jpg 300w, https://meaux-gymnastique.fr/wp-content/uploads/2020/02/1988-_04_26_demi_finale_zone-1024x683.jpg 1024w, https://meaux-gymnastique.fr/wp-content/uploads/2020/02/1988-_04_26_demi_finale_zone-768x512.jpg 768w, https://meaux-gymnastique.fr/wp-content/uploads/2020/02/1988-_04_26_demi_finale_zone-1536x1025.jpg 1536w" sizes="(max-width: 1577px) 100vw, 1577px" /><figcaption id="caption-attachment-1454" class="wp-caption-text">26/04/1988-Equipe toutes catégories 1/2 finale zone-Meaux</figcaption></figure>
<p><img loading="lazy" decoding="async" class="aligncenter wp-image-1453 size-full" src="https://meaux-gymnastique.fr/wp-content/uploads/2020/02/1987_05_24.jpg" alt="" width="824" height="553" srcset="https://meaux-gymnastique.fr/wp-content/uploads/2020/02/1987_05_24.jpg 824w, https://meaux-gymnastique.fr/wp-content/uploads/2020/02/1987_05_24-300x201.jpg 300w, https://meaux-gymnastique.fr/wp-content/uploads/2020/02/1987_05_24-768x515.jpg 768w" sizes="(max-width: 824px) 100vw, 824px" /></p>
<p><big>Devinez&nbsp; qui est encore à Meaux-Gymnastique parmi ces demoiselles </big>?</p>
<div><big>Une de leurs premières compétitions à DAMMARIE LES LYS un 24 mai 1987</big></div>

<p>Voici pêle-mêle quelques photos retrouvées&nbsp; des années 1997 pour certaines, souvenirs de Coupes de France, ou autres (Lisieux, Strasbourg, etc&#8230;).</p>
